{"id":440716,"date":"2026-03-02T11:40:21","date_gmt":"2026-03-02T09:40:21","guid":{"rendered":"https:\/\/ticket.pakruojo-dvaras.lt\/renesansas\/?post_type=product&#038;p=440716"},"modified":"2026-04-05T18:08:10","modified_gmt":"2026-04-05T15:08:10","slug":"renesansas-darbo-dienomis","status":"publish","type":"product","link":"https:\/\/ticket.pakruojo-dvaras.lt\/renesansas\/produktas\/renesansas-darbo-dienomis\/","title":{"rendered":"Renesansas | Darbo dienomis"},"content":{"rendered":"<p>[et_pb_section fb_built=&#8221;1&#8243; _builder_version=&#8221;4.16&#8243; custom_padding=&#8221;0px||||false|false&#8221; da_disable_devices=&#8221;off|off|off&#8221; global_colors_info=&#8221;{}&#8221; da_is_popup=&#8221;off&#8221; da_exit_intent=&#8221;off&#8221; da_has_close=&#8221;on&#8221; da_alt_close=&#8221;off&#8221; da_dark_close=&#8221;off&#8221; da_not_modal=&#8221;on&#8221; da_is_singular=&#8221;off&#8221; da_with_loader=&#8221;off&#8221; da_has_shadow=&#8221;on&#8221;][et_pb_row _builder_version=&#8221;4.27.5&#8243; background_color=&#8221;#FFFFFF&#8221; background_size=&#8221;initial&#8221; background_position=&#8221;top_left&#8221; background_repeat=&#8221;repeat&#8221; width=&#8221;100%&#8221; custom_padding=&#8221;0px||0px||false|false&#8221; global_colors_info=&#8221;{}&#8221;][et_pb_column type=&#8221;4_4&#8243; _builder_version=&#8221;4.16&#8243; custom_padding=&#8221;|||&#8221; global_colors_info=&#8221;{}&#8221; custom_padding__hover=&#8221;|||&#8221;][et_pb_wc_cart_notice _builder_version=&#8221;4.27.5&#8243; title_text_color=&#8221;#000000&#8243; title_line_height=&#8221;1.4em&#8221; background_color=&#8221;#aed3f4&#8243; global_colors_info=&#8221;{}&#8221;][\/et_pb_wc_cart_notice][et_pb_heading title=&#8221;BILIETAI | DARBO DIENOMIS&#8221; _builder_version=&#8221;4.27.5&#8243; _module_preset=&#8221;default&#8221; global_colors_info=&#8221;{}&#8221;][\/et_pb_heading][et_pb_divider show_divider=&#8221;off&#8221; _builder_version=&#8221;4.27.5&#8243; _module_preset=&#8221;default&#8221; global_colors_info=&#8221;{}&#8221;][\/et_pb_divider][\/et_pb_column][\/et_pb_row][et_pb_row column_structure=&#8221;1_2,1_2&#8243; _builder_version=&#8221;4.16&#8243; background_size=&#8221;initial&#8221; background_position=&#8221;top_left&#8221; background_repeat=&#8221;repeat&#8221; width=&#8221;100%&#8221; custom_padding=&#8221;0px||||false|false&#8221; global_colors_info=&#8221;{}&#8221;][et_pb_column type=&#8221;1_2&#8243; _builder_version=&#8221;4.16&#8243; custom_padding=&#8221;|||&#8221; global_colors_info=&#8221;{}&#8221; custom_padding__hover=&#8221;|||&#8221;][et_pb_wc_add_to_cart _builder_version=&#8221;4.27.5&#8243; custom_button=&#8221;on&#8221; button_text_color=&#8221;#000000&#8243; button_bg_color=&#8221;#aed3f4&#8243; button_border_color=&#8221;#aed3f4&#8243; global_colors_info=&#8221;{}&#8221;][\/et_pb_wc_add_to_cart][et_pb_wc_description _builder_version=&#8221;4.16&#8243; global_colors_info=&#8221;{}&#8221;][\/et_pb_wc_description][\/et_pb_column][et_pb_column type=&#8221;1_2&#8243; _builder_version=&#8221;4.16&#8243; custom_padding=&#8221;|||&#8221; global_colors_info=&#8221;{}&#8221; custom_padding__hover=&#8221;|||&#8221;][et_pb_image src=&#8221;https:\/\/ticket.pakruojo-dvaras.lt\/renesansas\/wp-content\/uploads\/sites\/19\/2026\/03\/Screenshot-2026-03-02-at-17.06.22.jpg&#8221; title_text=&#8221;Screenshot&#8221; _builder_version=&#8221;4.27.5&#8243; _module_preset=&#8221;default&#8221; global_colors_info=&#8221;{}&#8221;][\/et_pb_image][\/et_pb_column][\/et_pb_row][et_pb_row column_structure=&#8221;1_2,1_2&#8243; _builder_version=&#8221;4.27.5&#8243; _module_preset=&#8221;default&#8221; width=&#8221;100%&#8221; global_colors_info=&#8221;{}&#8221;][et_pb_column type=&#8221;1_2&#8243; _builder_version=&#8221;4.27.5&#8243; _module_preset=&#8221;default&#8221; global_colors_info=&#8221;{}&#8221;][et_pb_text _builder_version=&#8221;4.27.5&#8243; _module_preset=&#8221;default&#8221; global_colors_info=&#8221;{}&#8221;]UAB PAKRUOJO PARKAI<br \/>\n\u012emon\u0117s kodas: 302249117<br \/>\nPVM mok\u0117tojo kodas: LT100005076414<br \/>\nVeiklos vykdymo vieta: Parko g. 1, Pakruojo k., Pakruojo r.[\/et_pb_text][\/et_pb_column][et_pb_column type=&#8221;1_2&#8243; _builder_version=&#8221;4.27.5&#8243; _module_preset=&#8221;default&#8221; global_colors_info=&#8221;{}&#8221;][et_pb_text _builder_version=&#8221;4.27.5&#8243; _module_preset=&#8221;default&#8221; global_colors_info=&#8221;{}&#8221;]<\/p>\n<ul>\n<li>\n<div class=\"footer-column-1\">Bendroji informacija<\/div>\n<div class=\"footer-column-2\">\n<div><a href=\"tel:+37068665055\">+370 686 650 55<\/a><\/div>\n<div><a href=\"mailto:info@pakruojo-dvaras.lt\">info@pakruojo-dvaras.lt<\/a><\/div>\n<\/div>\n<\/li>\n<li>\n<div class=\"footer-column-1\">Vie\u0161butis<\/div>\n<div class=\"footer-column-2\">\n<div><a href=\"tel:+37065749700\">+370 657 497 00<\/a><\/div>\n<div><a href=\"mailto:hotel@pakruojo-dvaras.lt\">hotel@pakruojo-dvaras.lt<\/a><\/div>\n<\/div>\n<\/li>\n<li>\n<div class=\"footer-column-1\">Kar\u010dema Traktierius<\/div>\n<div class=\"footer-column-2\">\n<div><a href=\"tel:+37068241155\">+370 682 411 55<\/a><\/div>\n<div><a href=\"mailto:meniu@pakruojo-dvaras.lt\">meniu@pakruojo-dvaras.lt<\/a><\/div>\n<\/div>\n<\/li>\n<\/ul>\n<p>[\/et_pb_text][\/et_pb_column][\/et_pb_row][\/et_pb_section]<\/p>\n","protected":false},"excerpt":{"rendered":"<p data-start=\"92\" data-end=\"114\"><strong data-start=\"92\" data-end=\"114\">SVARBI INFORMACIJA<\/strong><\/p>\n<p data-start=\"116\" data-end=\"177\"><strong data-start=\"116\" data-end=\"177\">BILIETAI (galioja tik darbo dienomis):<\/strong><\/p>\n<p data-start=\"179\" data-end=\"290\"><strong data-start=\"179\" data-end=\"195\">Suaugusiajam<\/strong><br data-start=\"195\" data-end=\"198\" \/>Kaina &#8211; 10 Eur\/asm. (renginio vietoje \u2013 12 Eur\/asm.)<\/p>\n<p data-start=\"292\" data-end=\"454\"><strong data-start=\"292\" data-end=\"358\">Vaikui, moksleiviui nuo 5 m., studentui, senjorui, ne\u012fgaliajam<\/strong><br data-start=\"358\" data-end=\"361\" \/>Kaina &#8211; 8 Eur\/asm. (renginio vietoje \u2013 10 Eur\/asm.)<\/p>\n<p data-start=\"456\" data-end=\"499\"><strong data-start=\"456\" data-end=\"487\">Vaikui iki 5 met\u0173 (imtinai)<\/strong><br data-start=\"487\" data-end=\"490\" \/>Nemokamai<\/p>\n<p data-start=\"387\" data-end=\"427\">&#8212;<\/p>\n<p data-start=\"429\" data-end=\"521\">Bilietai n\u0117ra gr\u0105\u017einami. Kiekvienam bilietui yra taikomas administracinis 0,80 Eur mokestis.<\/p>\n<p data-start=\"523\" data-end=\"625\">\u201eTulpi\u0173 ir pavasario g\u0117li\u0173 festivalio\u201c bilietai negalioja patekti \u012f kitus dvare vykstan\u010dius renginius.<\/p>\n<p data-start=\"627\" data-end=\"742\"><strong data-start=\"627\" data-end=\"669\">GALB\u016aT PLANUOJATE VIE\u0160NAG\u0118 SU NAKVYNE?<\/strong><br data-start=\"669\" data-end=\"672\" \/>Susisiekite su m\u016bs\u0173 vie\u0161bu\u010di\u0173 administracija: <a class=\"decorated-link cursor-pointer\" rel=\"noopener\" data-start=\"718\" data-end=\"742\">hotel@pakruojo-dvaras.lt<\/a><\/p>\n","protected":false},"featured_media":0,"template":"","meta":{"_acf_changed":false,"_et_pb_use_builder":"on","_et_pb_old_content":"","_et_gb_content_width":""},"product_brand":[],"product_cat":[24],"product_tag":[],"class_list":{"0":"post-440716","1":"product","2":"type-product","3":"status-publish","5":"product_cat-renginys","6":"pa_bileto-tipas-suaugusiems","7":"pa_bileto-tipas-vaikams-studentams-senjorams","9":"first","10":"instock","11":"sale","12":"shipping-taxable","13":"purchasable","14":"product-type-variable"},"acf":[],"_links":{"self":[{"href":"https:\/\/ticket.pakruojo-dvaras.lt\/renesansas\/wp-json\/wp\/v2\/product\/440716","targetHints":{"allow":["GET"]}}],"collection":[{"href":"https:\/\/ticket.pakruojo-dvaras.lt\/renesansas\/wp-json\/wp\/v2\/product"}],"about":[{"href":"https:\/\/ticket.pakruojo-dvaras.lt\/renesansas\/wp-json\/wp\/v2\/types\/product"}],"wp:attachment":[{"href":"https:\/\/ticket.pakruojo-dvaras.lt\/renesansas\/wp-json\/wp\/v2\/media?parent=440716"}],"wp:term":[{"taxonomy":"product_brand","embeddable":true,"href":"https:\/\/ticket.pakruojo-dvaras.lt\/renesansas\/wp-json\/wp\/v2\/product_brand?post=440716"},{"taxonomy":"product_cat","embeddable":true,"href":"https:\/\/ticket.pakruojo-dvaras.lt\/renesansas\/wp-json\/wp\/v2\/product_cat?post=440716"},{"taxonomy":"product_tag","embeddable":true,"href":"https:\/\/ticket.pakruojo-dvaras.lt\/renesansas\/wp-json\/wp\/v2\/product_tag?post=440716"}],"curies":[{"name":"wp","href":"https:\/\/api.w.org\/{rel}","templated":true}]}}