{"id":86,"date":"2021-06-17T15:16:13","date_gmt":"2021-06-17T15:16:13","guid":{"rendered":"http:\/\/ticket.pakruojo-dvaras.lt\/azijos-zibintai-2022\/?page_id=86"},"modified":"2022-01-25T12:38:55","modified_gmt":"2022-01-25T10:38:55","slug":"kontaktai","status":"publish","type":"page","link":"https:\/\/ticket.pakruojo-dvaras.lt\/azijos-zibintai-2022\/kontaktai\/","title":{"rendered":"Kontaktai"},"content":{"rendered":"\n[et_pb_section][et_pb_row][et_pb_column type=&#8221;4_4&#8243;][et_pb_text]<!-- divi:paragraph -->\n<p>Pakruojo Teodoras, V\u0161\u012e<\/p>\n<!-- \/divi:paragraph -->\n\n<!-- divi:paragraph -->\n<p>\u012emon\u0117s kodas 305316172<\/p>\n<!-- \/divi:paragraph -->\n\n<!-- divi:paragraph -->\n<p>Vadovas Paulius Bodindorfas, direktorius<\/p>\n<!-- \/divi:paragraph -->\n\n<!-- divi:paragraph -->\n<p>Adresas Ramyb\u0117s g. 4-70, LT-02103 Vilnius<\/p>\n<!-- \/divi:paragraph -->\n\n<!-- divi:paragraph -->\n<p><strong><a href=\"mailto:pagalba@pakruojo-dvaras.lt\" target=\"_blank\" rel=\"noreferrer noopener\">pagalba@pakruojo-dvaras.lt<\/a><\/strong><\/p>\n<!-- \/divi:paragraph -->\n\n<!-- divi:paragraph -->\n<p><strong><a href=\"tel:+37065752693\" target=\"_blank\" rel=\"noreferrer noopener\">+370 657 52693<\/a><\/strong><\/p>\n<!-- \/divi:paragraph -->[\/et_pb_text][\/et_pb_column][\/et_pb_row][\/et_pb_section]\n","protected":false},"excerpt":{"rendered":"<p><div class=\"et_pb_section et_pb_section_0 et_section_regular\" >\n\t\t\t\t\n\t\t\t\t\n\t\t\t\t\n\t\t\t\t\n\t\t\t\t\n\t\t\t\t\n\t\t\t\t\n\t\t\t\t\n\t\t\t\t\n\t\t\t<\/div><div class=\"et_pb_row et_pb_row_0 et_pb_row_empty\">\n\t\t\t\t\n\t\t\t\t\n\t\t\t\t\n\t\t\t\t\n\t\t\t\t\n\t\t\t<\/div><div class=\"et_pb_module et_pb_text et_pb_text_0  et_pb_text_align_left et_pb_bg_layout_light\">\n\t\t\t\t\n\t\t\t\t\n\t\t\t\t\n\t\t\t\t\n\t\t\t\t\n\t\t\t<\/div> Pakruojo Teodoras, V\u0161\u012e \u012emon\u0117s kodas 305316172 Vadovas Paulius Bodindorfas, direktorius Adresas Ramyb\u0117s g. 4-70, LT-02103 Vilnius pagalba@pakruojo-dvaras.lt +370 657 52693<\/p>\n","protected":false},"author":1,"featured_media":0,"parent":0,"menu_order":0,"comment_status":"closed","ping_status":"closed","template":"","meta":{"_acf_changed":false,"_et_pb_use_builder":"on","_et_pb_old_content":"<!-- wp:paragraph -->\n<p>Pakruojo Teodoras, V\u0161\u012e<\/p>\n<!-- \/wp:paragraph -->\n\n<!-- wp:paragraph -->\n<p>\u012emon\u0117s kodas 305316172<\/p>\n<!-- \/wp:paragraph -->\n\n<!-- wp:paragraph -->\n<p>Vadovas Paulius Bodindorfas, direktorius<\/p>\n<!-- \/wp:paragraph -->\n\n<!-- wp:paragraph -->\n<p>Adresas Ramyb\u0117s g. 4-70, LT-02103 Vilnius<\/p>\n<!-- \/wp:paragraph -->\n\n<!-- wp:paragraph -->\n<p><strong><a href=\"mailto:pagalba@pakruojo-dvaras.lt\" target=\"_blank\" rel=\"noreferrer noopener\">pagalba@pakruojo-dvaras.lt<\/a><\/strong><\/p>\n<!-- \/wp:paragraph -->\n\n<!-- wp:paragraph -->\n<p><strong><a href=\"tel:+37065752693\" target=\"_blank\" rel=\"noreferrer noopener\">+370 657 52693<\/a><\/strong><\/p>\n<!-- \/wp:paragraph -->","_et_gb_content_width":"","footnotes":""},"class_list":["post-86","page","type-page","status-publish","hentry"],"acf":[],"_links":{"self":[{"href":"https:\/\/ticket.pakruojo-dvaras.lt\/azijos-zibintai-2022\/wp-json\/wp\/v2\/pages\/86","targetHints":{"allow":["GET"]}}],"collection":[{"href":"https:\/\/ticket.pakruojo-dvaras.lt\/azijos-zibintai-2022\/wp-json\/wp\/v2\/pages"}],"about":[{"href":"https:\/\/ticket.pakruojo-dvaras.lt\/azijos-zibintai-2022\/wp-json\/wp\/v2\/types\/page"}],"author":[{"embeddable":true,"href":"https:\/\/ticket.pakruojo-dvaras.lt\/azijos-zibintai-2022\/wp-json\/wp\/v2\/users\/1"}],"replies":[{"embeddable":true,"href":"https:\/\/ticket.pakruojo-dvaras.lt\/azijos-zibintai-2022\/wp-json\/wp\/v2\/comments?post=86"}],"version-history":[{"count":0,"href":"https:\/\/ticket.pakruojo-dvaras.lt\/azijos-zibintai-2022\/wp-json\/wp\/v2\/pages\/86\/revisions"}],"wp:attachment":[{"href":"https:\/\/ticket.pakruojo-dvaras.lt\/azijos-zibintai-2022\/wp-json\/wp\/v2\/media?parent=86"}],"curies":[{"name":"wp","href":"https:\/\/api.w.org\/{rel}","templated":true}]}}